{"id":2374,"date":"2023-05-23T12:01:34","date_gmt":"2023-05-23T12:01:34","guid":{"rendered":"https:\/\/lenablau.com\/?page_id=2374"},"modified":"2023-07-12T09:01:53","modified_gmt":"2023-07-12T09:01:53","slug":"te-encontrare-en-el-silencio","status":"publish","type":"page","link":"https:\/\/lenablau.com\/?page_id=2374","title":{"rendered":"Te encontrar\u00e9 en el silencio"},"content":{"rendered":"<p style=\"text-align: center;\"><strong>Ya ten\u00e9is disponible mi nueva novela\u00a0en librer\u00edas y en todas las plataformas digitales<\/strong><strong>. <\/strong><\/p>\n<p style=\"text-align: center;\"><strong>\u00a1<\/strong><strong>Espero que os anim\u00e9is a descubrir lo que se esconde entre sus p\u00e1ginas!<\/strong><\/p>\n<p><img data-attachment-id=\"2375\" data-permalink=\"https:\/\/lenablau.com\/?attachment_id=2375\" data-orig-file=\"https:\/\/i2.wp.com\/lenablau.com\/wp-content\/uploads\/2023\/05\/02.-Te-encontrare-en-el-silencio-sinopsis_Feed-copia-2.jpg?fit=2251%2C2251&amp;ssl=1\" data-orig-size=\"2251,2251\" data-comments-opened=\"1\" data-image-meta=\"{&quot;aperture&quot;:&quot;0&quot;,&quot;credit&quot;:&quot;&quot;,&quot;camera&quot;:&quot;&quot;,&quot;caption&quot;:&quot;&quot;,&quot;created_timestamp&quot;:&quot;0&quot;,&quot;copyright&quot;:&quot;&quot;,&quot;focal_length&quot;:&quot;0&quot;,&quot;iso&quot;:&quot;0&quot;,&quot;shutter_speed&quot;:&quot;0&quot;,&quot;title&quot;:&quot;&quot;,&quot;orientation&quot;:&quot;0&quot;}\" data-image-title=\"02. Te encontrare en el silencio sinopsis_Feed copia 2\" data-image-description=\"\" data-image-caption=\"\" data-medium-file=\"https:\/\/i2.wp.com\/lenablau.com\/wp-content\/uploads\/2023\/05\/02.-Te-encontrare-en-el-silencio-sinopsis_Feed-copia-2.jpg?fit=300%2C300&amp;ssl=1\" data-large-file=\"https:\/\/i2.wp.com\/lenablau.com\/wp-content\/uploads\/2023\/05\/02.-Te-encontrare-en-el-silencio-sinopsis_Feed-copia-2.jpg?fit=790%2C790&amp;ssl=1\" loading=\"lazy\" class=\"aligncenter wp-image-2375\" src=\"https:\/\/i2.wp.com\/lenablau.com\/wp-content\/uploads\/2023\/05\/02.-Te-encontrare-en-el-silencio-sinopsis_Feed-copia-2.jpg?resize=473%2C473\" alt=\"\" width=\"473\" height=\"473\" srcset=\"https:\/\/i2.wp.com\/lenablau.com\/wp-content\/uploads\/2023\/05\/02.-Te-encontrare-en-el-silencio-sinopsis_Feed-copia-2.jpg?resize=1024%2C1024&amp;ssl=1 1024w, https:\/\/i2.wp.com\/lenablau.com\/wp-content\/uploads\/2023\/05\/02.-Te-encontrare-en-el-silencio-sinopsis_Feed-copia-2.jpg?resize=300%2C300&amp;ssl=1 300w, https:\/\/i2.wp.com\/lenablau.com\/wp-content\/uploads\/2023\/05\/02.-Te-encontrare-en-el-silencio-sinopsis_Feed-copia-2.jpg?resize=150%2C150&amp;ssl=1 150w, https:\/\/i2.wp.com\/lenablau.com\/wp-content\/uploads\/2023\/05\/02.-Te-encontrare-en-el-silencio-sinopsis_Feed-copia-2.jpg?resize=768%2C768&amp;ssl=1 768w, https:\/\/i2.wp.com\/lenablau.com\/wp-content\/uploads\/2023\/05\/02.-Te-encontrare-en-el-silencio-sinopsis_Feed-copia-2.jpg?resize=1536%2C1536&amp;ssl=1 1536w, https:\/\/i2.wp.com\/lenablau.com\/wp-content\/uploads\/2023\/05\/02.-Te-encontrare-en-el-silencio-sinopsis_Feed-copia-2.jpg?resize=2048%2C2048&amp;ssl=1 2048w\" sizes=\"(max-width: 473px) 100vw, 473px\" data-recalc-dims=\"1\" \/><\/p>\n<p><img data-attachment-id=\"2376\" data-permalink=\"https:\/\/lenablau.com\/?attachment_id=2376\" data-orig-file=\"https:\/\/i0.wp.com\/lenablau.com\/wp-content\/uploads\/2023\/05\/02.-Te-encontrare-en-el-silencio-sinopsis_Feed.jpg?fit=2251%2C2251&amp;ssl=1\" data-orig-size=\"2251,2251\" data-comments-opened=\"1\" data-image-meta=\"{&quot;aperture&quot;:&quot;0&quot;,&quot;credit&quot;:&quot;&quot;,&quot;camera&quot;:&quot;&quot;,&quot;caption&quot;:&quot;&quot;,&quot;created_timestamp&quot;:&quot;0&quot;,&quot;copyright&quot;:&quot;&quot;,&quot;focal_length&quot;:&quot;0&quot;,&quot;iso&quot;:&quot;0&quot;,&quot;shutter_speed&quot;:&quot;0&quot;,&quot;title&quot;:&quot;&quot;,&quot;orientation&quot;:&quot;0&quot;}\" data-image-title=\"02. Te encontrare en el silencio sinopsis_Feed\" data-image-description=\"\" data-image-caption=\"\" data-medium-file=\"https:\/\/i0.wp.com\/lenablau.com\/wp-content\/uploads\/2023\/05\/02.-Te-encontrare-en-el-silencio-sinopsis_Feed.jpg?fit=300%2C300&amp;ssl=1\" data-large-file=\"https:\/\/i0.wp.com\/lenablau.com\/wp-content\/uploads\/2023\/05\/02.-Te-encontrare-en-el-silencio-sinopsis_Feed.jpg?fit=790%2C790&amp;ssl=1\" loading=\"lazy\" class=\"aligncenter wp-image-2376\" src=\"https:\/\/i0.wp.com\/lenablau.com\/wp-content\/uploads\/2023\/05\/02.-Te-encontrare-en-el-silencio-sinopsis_Feed.jpg?resize=472%2C472\" alt=\"\" width=\"472\" height=\"472\" srcset=\"https:\/\/i0.wp.com\/lenablau.com\/wp-content\/uploads\/2023\/05\/02.-Te-encontrare-en-el-silencio-sinopsis_Feed.jpg?resize=1024%2C1024&amp;ssl=1 1024w, https:\/\/i0.wp.com\/lenablau.com\/wp-content\/uploads\/2023\/05\/02.-Te-encontrare-en-el-silencio-sinopsis_Feed.jpg?resize=300%2C300&amp;ssl=1 300w, https:\/\/i0.wp.com\/lenablau.com\/wp-content\/uploads\/2023\/05\/02.-Te-encontrare-en-el-silencio-sinopsis_Feed.jpg?resize=150%2C150&amp;ssl=1 150w, https:\/\/i0.wp.com\/lenablau.com\/wp-content\/uploads\/2023\/05\/02.-Te-encontrare-en-el-silencio-sinopsis_Feed.jpg?resize=768%2C768&amp;ssl=1 768w, https:\/\/i0.wp.com\/lenablau.com\/wp-content\/uploads\/2023\/05\/02.-Te-encontrare-en-el-silencio-sinopsis_Feed.jpg?resize=1536%2C1536&amp;ssl=1 1536w, https:\/\/i0.wp.com\/lenablau.com\/wp-content\/uploads\/2023\/05\/02.-Te-encontrare-en-el-silencio-sinopsis_Feed.jpg?resize=2048%2C2048&amp;ssl=1 2048w\" sizes=\"(max-width: 472px) 100vw, 472px\" data-recalc-dims=\"1\" \/><\/p>\n<p>&nbsp;<\/p>\n<h1 style=\"text-align: center;\">LAS LECTORAS QUE YA LO HAN LE\u00cdDO HAN DICHO:<\/h1>\n<p style=\"text-align: center;\"><strong>\u00abNunca el silencio me hab\u00eda atrapado y erizado la piel como con este libro.<\/strong><br \/>\n<strong>Secretos, reencuentros, lugares especiales y mucho amor dentro de estas p\u00e1ginas\u00bb.<\/strong> Estefan\u00eda Hergueta, de @el_paraiso_en_letras<\/p>\n<p style=\"text-align: center;\"><strong>\u00abUna historia llena de interrogantes que te tendr\u00e1 enganchada a sus p\u00e1ginas hasta el final. Distinta, emotiva, de superaci\u00f3n personal. No puedes perd\u00e9rtela\u00bb.<\/strong>\u00a0Susana Rubio, autora de <em>Arriverdeci, Amor.<\/em><\/p>\n<p style=\"text-align: center;\"><strong>\u00abTengo el coraz\u00f3n a mil. He llorado, he re\u00eddo, me he emocionado&#8230; y desde las primeras p\u00e1ginas los personajes me han robado el coraz\u00f3n. Una historia perfecta, con la intensidad que siempre plasma Lena en sus libros\u00bb.<\/strong>\u00a0Alba Mart\u00edn, de @alba_cazadoralibros<\/p>\n<h1><\/h1>\n<h1 style=\"text-align: center;\">PINCELADAS:<\/h1>\n<p style=\"text-align: center;\"><b>Amy necesita romper su molde.<\/b><\/p>\n<p style=\"text-align: center;\"><b>Alan tiene que\u00a0cumplir una promesa.<\/b><\/p>\n<p style=\"text-align: center;\"><b>Ella es luz.\u00a0<\/b><b>\u00c9l oscuridad.<\/b><\/p>\n<p style=\"text-align: center;\"><strong>Y al principio el abismo que los separa parece insalvable.<\/strong><\/p>\n<p style=\"text-align: center;\">No obstante, nadie es solo blanco o negro, y un viaje inesperado por la costa de California har\u00e1 que estos dos polos opuestos conecten sin que puedan evitarlo.<\/p>\n<p style=\"text-align: center;\">Porque el color siempre termina apareciendo. Y se esconde de mil formas detr\u00e1s de esos silencios que nos paralizan.<\/p>\n<p style=\"text-align: center;\">Esta novela nos habla de amor, en may\u00fasculas y en todas sus formas. Tambi\u00e9n de la p\u00e9rdida\u00a0y los retos inesperados que la vida nos pone.<\/p>\n<p style=\"text-align: center;\">Va de ser valiente y no tener miedo a cambiar de rumbo cada vez que sea necesario. De reconstruirse y de encontrar el perd\u00f3n. No solo el de los dem\u00e1s, sino sobre todo el que debemos concedernos a nosotros mismos, ya\u00a0<span class=\"Apple-converted-space\">que lo m\u00e1s importante en esta vida es ser fiel a uno mismo.<\/span><\/p>\n<p style=\"text-align: center;\">Y nos grita a pleno pulm\u00f3n que puedes enamorarte sin remedio de quien menos te esperas. Porque, por mucho que lo intentes, es imposible detener a un coraz\u00f3n testarudo.<\/p>\n<p style=\"text-align: center;\"><b>Hay palabras que se las lleva el viento y silencios que se quedan para siempre\u2026<\/b><\/p>\n<p><a href=\"https:\/\/www.penguinlibros.com\/es\/novelas-juveniles\/325921-libro-te-encontrare-en-el-silencio-9788419501271\/fragmento\">Leer fragmento<\/a><\/p>\n<p><a href=\"https:\/\/open.spotify.com\/playlist\/1Fa6XXcyjXd9oGEfEXyJtq?si=25e8ed7144d44679\">Playlist en Spotify<\/a><\/p>\n","protected":false},"excerpt":{"rendered":"<p>Ya ten\u00e9is disponible mi nueva novela\u00a0en librer\u00edas y en todas las plataformas digitales. \u00a1Espero que os anim\u00e9is a descubrir lo que se esconde entre sus p\u00e1ginas! &nbsp; LAS LECTORAS QUE YA LO HAN LE\u00cdDO HAN DICHO: \u00abNunca el silencio me hab\u00eda atrapado y erizado la piel como con este libro. Secretos, reencuentros, lugares especiales y&hellip; <\/p>\n","protected":false},"author":1,"featured_media":0,"parent":0,"menu_order":0,"comment_status":"closed","ping_status":"closed","template":"","meta":{"spay_email":""},"jetpack_sharing_enabled":true,"jetpack_shortlink":"https:\/\/wp.me\/P9WDl5-Ci","jetpack-related-posts":[{"id":2339,"url":"https:\/\/lenablau.com\/?page_id=2339","url_meta":{"origin":2374,"position":0},"title":"Te encontrar\u00e9 en el silencio","date":"mayo 5, 2022","format":false,"excerpt":"\u00a0 \u00bfQu\u00e9 pasa si eres como una original pieza redondeada, pero desde ni\u00f1a\u00a0has intentado adaptarte a ese molde cuadriculado en el que te dec\u00edan que deb\u00edas encajar? \u00bfY si est\u00e1s est\u00e1s lleno de afiladas aristas y ves la vida en blanco y negro? Amy deja Nueva York para buscar la\u2026","rel":"","context":"Entrada similar","img":{"alt_text":"","src":"https:\/\/i2.wp.com\/lenablau.com\/wp-content\/uploads\/2022\/05\/Portada-para-mock-up-papel-683x1024.jpg?resize=350%2C200","width":350,"height":200},"classes":[]},{"id":1764,"url":"https:\/\/lenablau.com\/?page_id=1764","url_meta":{"origin":2374,"position":1},"title":"Pol\u00edtica de privacidad","date":"mayo 26, 2018","format":false,"excerpt":"Esta p\u00e1gina Web es propiedad de Lena Blau, seud\u00f3nimo de escritora de Nuria Ybarra Puig (en adelante EL TITULAR) con NIF\u00a0n\u00ba 51066825V y domicilio en AV. Qui\u00f1ones 12A, Bajo B. 28702-San Sebasti\u00e1n de los Reyes. Para cualquier consulta o propuesta, cont\u00e1ctenos en el e-mail:\u00a0viejaolivetti@gmail.com Esta p\u00e1gina Web se rige por\u2026","rel":"","context":"Entrada similar","img":{"alt_text":"","src":"","width":0,"height":0},"classes":[]},{"id":1922,"url":"https:\/\/lenablau.com\/?page_id=1922","url_meta":{"origin":2374,"position":2},"title":"I tuit you","date":"junio 3, 2018","format":false,"excerpt":"\u00a0 \u00bfQu\u00e9 pasar\u00eda si ese actor que te derrite se fijara en ti? Olivia es una chica an\u00f3nima, luchadora y realista, que no se deja impresionar f\u00e1cilmente. Sus valores son firmes como una roca y se mantiene siempre fiel a s\u00ed misma. Un d\u00eda el famoso y guap\u00edsimo actor que\u2026","rel":"","context":"Entrada similar","img":{"alt_text":"","src":"https:\/\/i2.wp.com\/lenablau.com\/wp-content\/uploads\/2018\/06\/IMG_7238.jpg?fit=786%2C1200&ssl=1&resize=350%2C200","width":350,"height":200},"classes":[]},{"id":2148,"url":"https:\/\/lenablau.com\/?page_id=2148","url_meta":{"origin":2374,"position":3},"title":"Aevum","date":"diciembre 6, 2020","format":false,"excerpt":"\u00a0 Un secreto. Un amor prohibido. Una atracci\u00f3n inevitable. Daniela ha vuelto a Nueva Orleans para cumplir un sue\u00f1o que tiene pendiente. All\u00ed vivi\u00f3 un doloroso episodio cuando era una ni\u00f1a, pero ha llegado el momento de reencontrarse con sus ra\u00edces y olvidar el pasado. Lo \u00faltimo que entra en\u2026","rel":"","context":"Entrada similar","img":{"alt_text":"","src":"https:\/\/i0.wp.com\/lenablau.com\/wp-content\/uploads\/2020\/12\/PORTADA-AEVUM-KINDLE_RGB-72DPI.jpg?fit=750%2C1200&ssl=1&resize=350%2C200","width":350,"height":200},"classes":[]},{"id":2153,"url":"https:\/\/lenablau.com\/?page_id=2153","url_meta":{"origin":2374,"position":4},"title":"La canci\u00f3n n\u00famero 7","date":"diciembre 6, 2020","format":false,"excerpt":"DESCUBRE LA NOVELA FAVORITA DE LOS QUE SE ATREVEN A SENTIR. \u00abUn libro que me llen\u00f3 el alma.. Me hizo re\u00edr, llorar y sentir mariposas en el est\u00f3mago. \u00a1Absolutamente inolvidable!\u00bb \u00ab\u00a1La historia rom\u00e1ntica m\u00e1s adictiva y emocionante que he le\u00eddo en mucho tiempo! Llega directa al coraz\u00f3n y sus personajes\u2026","rel":"","context":"Entrada similar","img":{"alt_text":"","src":"https:\/\/i2.wp.com\/lenablau.com\/wp-content\/uploads\/2021\/07\/portada-ebook-lcn7-2021-2-683x1024.jpg?resize=350%2C200","width":350,"height":200},"classes":[]},{"id":1763,"url":"https:\/\/lenablau.com\/?page_id=1763","url_meta":{"origin":2374,"position":5},"title":"Cookies","date":"mayo 26, 2018","format":false,"excerpt":"\u00a0 Utilizamos cookies para facilitar el uso de nuestra p\u00e1gina web. Las cookies son peque\u00f1os ficheros de informaci\u00f3n que nos permiten comparar y entender c\u00f3mo nuestros usuarios navegan a trav\u00e9s de nuestra p\u00e1gina web, y de esta manera poder mejorar consecuentemente el proceso de navegaci\u00f3n. Las cookies que utilizamos no\u2026","rel":"","context":"Entrada similar","img":{"alt_text":"","src":"","width":0,"height":0},"classes":[]}],"_links":{"self":[{"href":"https:\/\/lenablau.com\/index.php?rest_route=\/wp\/v2\/pages\/2374"}],"collection":[{"href":"https:\/\/lenablau.com\/index.php?rest_route=\/wp\/v2\/pages"}],"about":[{"href":"https:\/\/lenablau.com\/index.php?rest_route=\/wp\/v2\/types\/page"}],"author":[{"embeddable":true,"href":"https:\/\/lenablau.com\/index.php?rest_route=\/wp\/v2\/users\/1"}],"replies":[{"embeddable":true,"href":"https:\/\/lenablau.com\/index.php?rest_route=%2Fwp%2Fv2%2Fcomments&post=2374"}],"version-history":[{"count":27,"href":"https:\/\/lenablau.com\/index.php?rest_route=\/wp\/v2\/pages\/2374\/revisions"}],"predecessor-version":[{"id":2417,"href":"https:\/\/lenablau.com\/index.php?rest_route=\/wp\/v2\/pages\/2374\/revisions\/2417"}],"wp:attachment":[{"href":"https:\/\/lenablau.com\/index.php?rest_route=%2Fwp%2Fv2%2Fmedia&parent=2374"}],"curies":[{"name":"wp","href":"https:\/\/api.w.org\/{rel}","templated":true}]}}