{"id":1751,"date":"2018-05-25T10:38:49","date_gmt":"2018-05-25T10:38:49","guid":{"rendered":"http:\/\/lenablau.com\/?page_id=1751"},"modified":"2025-02-18T19:31:08","modified_gmt":"2025-02-18T19:31:08","slug":"playlists","status":"publish","type":"page","link":"https:\/\/lenablau.com\/?page_id=1751","title":{"rendered":"Playlists"},"content":{"rendered":"<p><strong>La m\u00fasica es<\/strong>, en mayor o menor medida, <strong>una parte muy importante de mis novelas<\/strong>, por lo que aqu\u00ed os dejo los links a las <strong><em>Playlists<\/em>\u00a0<\/strong>que tengo en <strong>Spotify<\/strong>\u00a0con la banda sonora de cada uno de mis libros. \u00a1La experiencia de lectura ser\u00e1 mucho m\u00e1s completa si las escuch\u00e1is!<\/p>\n<p><img data-attachment-id=\"1914\" data-permalink=\"https:\/\/lenablau.com\/?attachment_id=1914\" data-orig-file=\"https:\/\/i2.wp.com\/lenablau.com\/wp-content\/uploads\/2018\/05\/Captura-de-pantalla-2018-05-28-a-las-16.43.59.png?fit=1046%2C586&amp;ssl=1\" data-orig-size=\"1046,586\" data-comments-opened=\"1\" data-image-meta=\"{&quot;aperture&quot;:&quot;0&quot;,&quot;credit&quot;:&quot;&quot;,&quot;camera&quot;:&quot;&quot;,&quot;caption&quot;:&quot;&quot;,&quot;created_timestamp&quot;:&quot;0&quot;,&quot;copyright&quot;:&quot;&quot;,&quot;focal_length&quot;:&quot;0&quot;,&quot;iso&quot;:&quot;0&quot;,&quot;shutter_speed&quot;:&quot;0&quot;,&quot;title&quot;:&quot;&quot;,&quot;orientation&quot;:&quot;0&quot;}\" data-image-title=\"Captura de pantalla 2018-05-28 a las 16.43.59\" data-image-description=\"\" data-image-caption=\"\" data-medium-file=\"https:\/\/i2.wp.com\/lenablau.com\/wp-content\/uploads\/2018\/05\/Captura-de-pantalla-2018-05-28-a-las-16.43.59.png?fit=300%2C168&amp;ssl=1\" data-large-file=\"https:\/\/i2.wp.com\/lenablau.com\/wp-content\/uploads\/2018\/05\/Captura-de-pantalla-2018-05-28-a-las-16.43.59.png?fit=790%2C443&amp;ssl=1\" loading=\"lazy\" class=\"aligncenter size-medium wp-image-1914\" src=\"https:\/\/i2.wp.com\/lenablau.com\/wp-content\/uploads\/2018\/05\/Captura-de-pantalla-2018-05-28-a-las-16.43.59.png?resize=300%2C168\" alt=\"\" width=\"300\" height=\"168\" srcset=\"https:\/\/i2.wp.com\/lenablau.com\/wp-content\/uploads\/2018\/05\/Captura-de-pantalla-2018-05-28-a-las-16.43.59.png?resize=300%2C168&amp;ssl=1 300w, https:\/\/i2.wp.com\/lenablau.com\/wp-content\/uploads\/2018\/05\/Captura-de-pantalla-2018-05-28-a-las-16.43.59.png?resize=768%2C430&amp;ssl=1 768w, https:\/\/i2.wp.com\/lenablau.com\/wp-content\/uploads\/2018\/05\/Captura-de-pantalla-2018-05-28-a-las-16.43.59.png?resize=1024%2C574&amp;ssl=1 1024w, https:\/\/i2.wp.com\/lenablau.com\/wp-content\/uploads\/2018\/05\/Captura-de-pantalla-2018-05-28-a-las-16.43.59.png?w=1046&amp;ssl=1 1046w\" sizes=\"(max-width: 300px) 100vw, 300px\" data-recalc-dims=\"1\" \/><\/p>\n<p><strong><a href=\"https:\/\/open.spotify.com\/user\/a6fte1zjv2fmx1z8nmpmsy1eg\/playlist\/7ExXz9vKwqx3n2QM5wluuW?si=9VnQca03RQGDzYAgPO8mFg\" target=\"_blank\" rel=\"noopener\">La canci\u00f3n n\u00famero 7<\/a><\/strong><\/p>\n<p><strong><a href=\"https:\/\/open.spotify.com\/user\/a6fte1zjv2fmx1z8nmpmsy1eg\/playlist\/67qycG94P63LRTZLPRHEu0?si=Jegj2HseRFeMOl857kYe2w\" target=\"_blank\" rel=\"noopener\">Bilog\u00eda Aevum<\/a><\/strong><\/p>\n<p><strong><a href=\"https:\/\/open.spotify.com\/user\/a6fte1zjv2fmx1z8nmpmsy1eg\/playlist\/5sJ7LBSiCvlL6a2Coulmd0?si=tddL5CBASMuREomL5SfnoA\" target=\"_blank\" rel=\"noopener\">I tuit you<\/a><\/strong><\/p>\n<p>&nbsp;<\/p>\n","protected":false},"excerpt":{"rendered":"<p>La m\u00fasica es, en mayor o menor medida, una parte muy importante de mis novelas, por lo que aqu\u00ed os dejo los links a las Playlists\u00a0que tengo en Spotify\u00a0con la banda sonora de cada uno de mis libros. \u00a1La experiencia de lectura ser\u00e1 mucho m\u00e1s completa si las escuch\u00e1is! La canci\u00f3n n\u00famero 7 Bilog\u00eda Aevum&hellip; <\/p>\n","protected":false},"author":1,"featured_media":0,"parent":0,"menu_order":2,"comment_status":"closed","ping_status":"closed","template":"","meta":{"spay_email":""},"jetpack_sharing_enabled":true,"jetpack_shortlink":"https:\/\/wp.me\/P9WDl5-sf","jetpack-related-posts":[{"id":2158,"url":"https:\/\/lenablau.com\/?page_id=2158","url_meta":{"origin":1751,"position":0},"title":"Sobre m\u00ed","date":"diciembre 6, 2020","format":false,"excerpt":"Lena Blau es mi otro yo, \u00e9se que necesita imaginar historias casi m\u00e1s que respirar. Desde ni\u00f1a me ha gustado escribir. Con trece a\u00f1os ya aporreaba con ilusi\u00f3n las teclas de una vieja Olivetti dando forma a mi primer manuscrito. A\u00f1os m\u00e1s tarde, despu\u00e9s de vivir en lugares como San\u2026","rel":"","context":"Entrada similar","img":{"alt_text":"","src":"https:\/\/i2.wp.com\/lenablau.com\/wp-content\/uploads\/2022\/09\/15f21dd5-d762-46e0-9d14-26d1ab10fdbd.jpg?resize=350%2C200&ssl=1","width":350,"height":200},"classes":[]},{"id":1894,"url":"https:\/\/lenablau.com\/?page_id=1894","url_meta":{"origin":1751,"position":1},"title":"Ediciones de La Canci\u00f3n n\u00famero 7","date":"mayo 27, 2018","format":false,"excerpt":"La canci\u00f3n n\u00famero 7 ha sido editada en varias ocasiones y su portada ha ido evolucionando. \u00a0 \u00c9sta fue la portada que yo misma dise\u00f1\u00e9 cuando la publiqu\u00e9 en Amazon por primera vez en enero de 2013. Se convirti\u00f3 en tan s\u00f3lo unos d\u00edas en el n\u00ba1 y se mantuvo\u2026","rel":"","context":"Entrada similar","img":{"alt_text":"","src":"https:\/\/i2.wp.com\/lenablau.com\/wp-content\/uploads\/2013\/01\/newcoverlcn7low-212x300.jpg?resize=350%2C200","width":350,"height":200},"classes":[]},{"id":1922,"url":"https:\/\/lenablau.com\/?page_id=1922","url_meta":{"origin":1751,"position":2},"title":"I tuit you","date":"junio 3, 2018","format":false,"excerpt":"\u00a0 \u00bfQu\u00e9 pasar\u00eda si ese actor que te derrite se fijara en ti? Olivia es una chica an\u00f3nima, luchadora y realista, que no se deja impresionar f\u00e1cilmente. Sus valores son firmes como una roca y se mantiene siempre fiel a s\u00ed misma. Un d\u00eda el famoso y guap\u00edsimo actor que\u2026","rel":"","context":"Entrada similar","img":{"alt_text":"","src":"https:\/\/i2.wp.com\/lenablau.com\/wp-content\/uploads\/2018\/06\/IMG_7238.jpg?fit=786%2C1200&ssl=1&resize=350%2C200","width":350,"height":200},"classes":[]},{"id":1557,"url":"https:\/\/lenablau.com\/?page_id=1557","url_meta":{"origin":1751,"position":3},"title":"Rese\u00f1as","date":"mayo 23, 2018","format":false,"excerpt":"Aqu\u00ed os dejo una selecci\u00f3n de rese\u00f1as de mis novelas: LA CANCI\u00d3N N\u00daMERO 7 Rese\u00f1a en el portal de ocio y cultura \u201cMelod\u00edas por escrito\" Rese\u00f1a en \"Lectura adictiva\" Rese\u00f1a en \"Amor y palabras\" Rese\u00f1a en \"La f\u00e1brica de letras\" Rese\u00f1a en \"Mi vida en hojas de papel\" Rese\u00f1a en\u2026","rel":"","context":"Entrada similar","img":{"alt_text":"","src":"","width":0,"height":0},"classes":[]},{"id":2259,"url":"https:\/\/lenablau.com\/?page_id=2259","url_meta":{"origin":1751,"position":4},"title":"Oferta \u00abI Tuit You\u00bb","date":"noviembre 30, 2021","format":false,"excerpt":"\u00bfQuieres recibir esta novela en papel, dedicada con todo el cari\u00f1o por su autora? Ahora puedes pedirme I Tuit You en tapa blanda y dedicado personalmente. Es un regalo que os quiero hacer a todos los que no hab\u00e9is le\u00eddo a\u00fan esta historia o sois fans de Olivia y Adri\u00e1n\u2026","rel":"","context":"Entrada similar","img":{"alt_text":"","src":"https:\/\/i0.wp.com\/lenablau.com\/wp-content\/uploads\/2021\/11\/IMG_7512-1-768x1024.jpg?resize=350%2C200","width":350,"height":200},"classes":[]},{"id":1572,"url":"https:\/\/lenablau.com\/?page_id=1572","url_meta":{"origin":1751,"position":5},"title":"Rese\u00f1as de booktubers","date":"mayo 23, 2018","format":false,"excerpt":"Cada vez son m\u00e1s habituales los canales de Youtube en los que se habla de literatura. Estos devoradores de libros, llamados booktubers, hacen cr\u00edticas muy visuales, amenas y din\u00e1micas sobre sus lecturas. He tenido la suerte de que varios de los canales m\u00e1s populares en esta tem\u00e1tica se hayan fijado\u2026","rel":"","context":"Entrada similar","img":{"alt_text":"","src":"https:\/\/i2.wp.com\/img.youtube.com\/vi\/ilmJ9XcOPSE\/0.jpg?resize=350%2C200","width":350,"height":200},"classes":[]}],"_links":{"self":[{"href":"https:\/\/lenablau.com\/index.php?rest_route=\/wp\/v2\/pages\/1751"}],"collection":[{"href":"https:\/\/lenablau.com\/index.php?rest_route=\/wp\/v2\/pages"}],"about":[{"href":"https:\/\/lenablau.com\/index.php?rest_route=\/wp\/v2\/types\/page"}],"author":[{"embeddable":true,"href":"https:\/\/lenablau.com\/index.php?rest_route=\/wp\/v2\/users\/1"}],"replies":[{"embeddable":true,"href":"https:\/\/lenablau.com\/index.php?rest_route=%2Fwp%2Fv2%2Fcomments&post=1751"}],"version-history":[{"count":13,"href":"https:\/\/lenablau.com\/index.php?rest_route=\/wp\/v2\/pages\/1751\/revisions"}],"predecessor-version":[{"id":2432,"href":"https:\/\/lenablau.com\/index.php?rest_route=\/wp\/v2\/pages\/1751\/revisions\/2432"}],"wp:attachment":[{"href":"https:\/\/lenablau.com\/index.php?rest_route=%2Fwp%2Fv2%2Fmedia&parent=1751"}],"curies":[{"name":"wp","href":"https:\/\/api.w.org\/{rel}","templated":true}]}}