{"id":1432,"date":"2018-05-21T14:12:42","date_gmt":"2018-05-21T14:12:42","guid":{"rendered":"http:\/\/lenablau.com\/?page_id=1432"},"modified":"2023-07-26T07:50:37","modified_gmt":"2023-07-26T07:50:37","slug":"1432-2","status":"publish","type":"page","link":"https:\/\/lenablau.com\/?page_id=1432","title":{"rendered":"Entrevistas y +"},"content":{"rendered":"<p>En esta secci\u00f3n os dejo una serie de links a entrevistas y rese\u00f1as sobre mis libros.<\/p>\n<p>La entrevista m\u00e1s reciente ha sido para Kreatanautas, un programa muy chulo de un canal de YouTube donde me lo pas\u00e9 bomba. Con ellos tuve la oportunidad de repasar mi trayectoria como escritora y tambi\u00e9n hablamos de cositas m\u00e1s personales.<\/p>\n<p>Os dejo aqu\u00ed un resumen del resultado, pero si ten\u00e9is curiosidad por saber m\u00e1s y quer\u00e9is ver la entrevista completa, m\u00e1s abajo ten\u00e9is el link a la misma.<\/p>\n<p><span class=\"embed-youtube\" style=\"text-align:center; display: block;\"><iframe loading=\"lazy\" class=\"youtube-player\" width=\"790\" height=\"445\" src=\"https:\/\/www.youtube.com\/embed\/ix2-fTJNsSs?version=3&#038;rel=1&#038;showsearch=0&#038;showinfo=1&#038;iv_load_policy=1&#038;fs=1&#038;hl=es-ES&#038;autohide=2&#038;wmode=transparent\" allowfullscreen=\"true\" style=\"border:0;\" sandbox=\"allow-scripts allow-same-origin allow-popups allow-presentation\"><\/iframe><\/span><\/p>\n<p>&nbsp;<\/p>\n<p>Tambi\u00e9n pod\u00e9is escuchar la entrevista completa en Spotify:<\/p>\n<p><a href=\"https:\/\/open.spotify.com\/episode\/7mmrq5yiHuVLnH4QDvhPKE?si=F3o1p_UtSLuFjVNbVkrUHg\"><img data-attachment-id=\"1914\" data-permalink=\"https:\/\/lenablau.com\/?attachment_id=1914\" data-orig-file=\"https:\/\/i2.wp.com\/lenablau.com\/wp-content\/uploads\/2018\/05\/Captura-de-pantalla-2018-05-28-a-las-16.43.59.png?fit=1046%2C586&amp;ssl=1\" data-orig-size=\"1046,586\" data-comments-opened=\"1\" data-image-meta=\"{&quot;aperture&quot;:&quot;0&quot;,&quot;credit&quot;:&quot;&quot;,&quot;camera&quot;:&quot;&quot;,&quot;caption&quot;:&quot;&quot;,&quot;created_timestamp&quot;:&quot;0&quot;,&quot;copyright&quot;:&quot;&quot;,&quot;focal_length&quot;:&quot;0&quot;,&quot;iso&quot;:&quot;0&quot;,&quot;shutter_speed&quot;:&quot;0&quot;,&quot;title&quot;:&quot;&quot;,&quot;orientation&quot;:&quot;0&quot;}\" data-image-title=\"Captura de pantalla 2018-05-28 a las 16.43.59\" data-image-description=\"\" data-image-caption=\"\" data-medium-file=\"https:\/\/i2.wp.com\/lenablau.com\/wp-content\/uploads\/2018\/05\/Captura-de-pantalla-2018-05-28-a-las-16.43.59.png?fit=300%2C168&amp;ssl=1\" data-large-file=\"https:\/\/i2.wp.com\/lenablau.com\/wp-content\/uploads\/2018\/05\/Captura-de-pantalla-2018-05-28-a-las-16.43.59.png?fit=790%2C443&amp;ssl=1\" loading=\"lazy\" class=\"aligncenter wp-image-1914\" src=\"https:\/\/i2.wp.com\/lenablau.com\/wp-content\/uploads\/2018\/05\/Captura-de-pantalla-2018-05-28-a-las-16.43.59.png?resize=223%2C125\" alt=\"\" width=\"223\" height=\"125\" srcset=\"https:\/\/i2.wp.com\/lenablau.com\/wp-content\/uploads\/2018\/05\/Captura-de-pantalla-2018-05-28-a-las-16.43.59.png?resize=1024%2C574&amp;ssl=1 1024w, https:\/\/i2.wp.com\/lenablau.com\/wp-content\/uploads\/2018\/05\/Captura-de-pantalla-2018-05-28-a-las-16.43.59.png?resize=300%2C168&amp;ssl=1 300w, https:\/\/i2.wp.com\/lenablau.com\/wp-content\/uploads\/2018\/05\/Captura-de-pantalla-2018-05-28-a-las-16.43.59.png?resize=768%2C430&amp;ssl=1 768w, https:\/\/i2.wp.com\/lenablau.com\/wp-content\/uploads\/2018\/05\/Captura-de-pantalla-2018-05-28-a-las-16.43.59.png?w=1046&amp;ssl=1 1046w\" sizes=\"(max-width: 223px) 100vw, 223px\" data-recalc-dims=\"1\" \/><\/a><\/p>\n<p><strong><a href=\"http:\/\/lenablau.com\/?page_id=1365\">Entrevistas<\/a><\/strong><\/p>\n<p><strong><a href=\"http:\/\/lenablau.com\/?page_id=1557\">Rese\u00f1as<\/a><\/strong><\/p>\n<p><strong><a href=\"http:\/\/lenablau.com\/?page_id=1572\">Rese\u00f1as booktubers<\/a><\/strong><\/p>\n<p>&nbsp;<\/p>\n<p><span class=\"embed-youtube\" style=\"text-align:center; display: block;\"><iframe loading=\"lazy\" class=\"youtube-player\" width=\"790\" height=\"445\" src=\"https:\/\/www.youtube.com\/embed\/DzTqw6F55lE?version=3&#038;rel=1&#038;showsearch=0&#038;showinfo=1&#038;iv_load_policy=1&#038;fs=1&#038;hl=es-ES&#038;autohide=2&#038;start=10&#038;wmode=transparent\" allowfullscreen=\"true\" style=\"border:0;\" sandbox=\"allow-scripts allow-same-origin allow-popups allow-presentation\"><\/iframe><\/span><\/p>\n","protected":false},"excerpt":{"rendered":"<p>En esta secci\u00f3n os dejo una serie de links a entrevistas y rese\u00f1as sobre mis libros. La entrevista m\u00e1s reciente ha sido para Kreatanautas, un programa muy chulo de un canal de YouTube donde me lo pas\u00e9 bomba. Con ellos tuve la oportunidad de repasar mi trayectoria como escritora y tambi\u00e9n hablamos de cositas m\u00e1s&hellip; <\/p>\n","protected":false},"author":1,"featured_media":0,"parent":0,"menu_order":4,"comment_status":"closed","ping_status":"closed","template":"","meta":{"spay_email":""},"jetpack_sharing_enabled":true,"jetpack_shortlink":"https:\/\/wp.me\/P9WDl5-n6","jetpack-related-posts":[{"id":1365,"url":"https:\/\/lenablau.com\/?page_id=1365","url_meta":{"origin":1432,"position":0},"title":"Entrevistas","date":"mayo 19, 2018","format":false,"excerpt":"Aqu\u00ed os dejo una selecci\u00f3n de entrevistas y reportajes que me han hecho: En el peri\u00f3dico ABC En el peri\u00f3dico El Mundo En el portal de ocio y cultura Melod\u00edas por escrito En el blog Rom\u00e1ntica adolescente\u00a0 Reportaje en Mujer Hoy \"Las reinas del ebook\"\u00a0 Reportaje en S Moda\u00a0 Reportaje\u2026","rel":"","context":"Entrada similar","img":{"alt_text":"","src":"","width":0,"height":0},"classes":[]},{"id":1557,"url":"https:\/\/lenablau.com\/?page_id=1557","url_meta":{"origin":1432,"position":1},"title":"Rese\u00f1as","date":"mayo 23, 2018","format":false,"excerpt":"Aqu\u00ed os dejo una selecci\u00f3n de rese\u00f1as de mis novelas: LA CANCI\u00d3N N\u00daMERO 7 Rese\u00f1a en el portal de ocio y cultura \u201cMelod\u00edas por escrito\" Rese\u00f1a en \"Lectura adictiva\" Rese\u00f1a en \"Amor y palabras\" Rese\u00f1a en \"La f\u00e1brica de letras\" Rese\u00f1a en \"Mi vida en hojas de papel\" Rese\u00f1a en\u2026","rel":"","context":"Entrada similar","img":{"alt_text":"","src":"","width":0,"height":0},"classes":[]},{"id":1572,"url":"https:\/\/lenablau.com\/?page_id=1572","url_meta":{"origin":1432,"position":2},"title":"Rese\u00f1as de booktubers","date":"mayo 23, 2018","format":false,"excerpt":"Cada vez son m\u00e1s habituales los canales de Youtube en los que se habla de literatura. Estos devoradores de libros, llamados booktubers, hacen cr\u00edticas muy visuales, amenas y din\u00e1micas sobre sus lecturas. He tenido la suerte de que varios de los canales m\u00e1s populares en esta tem\u00e1tica se hayan fijado\u2026","rel":"","context":"Entrada similar","img":{"alt_text":"","src":"https:\/\/i2.wp.com\/img.youtube.com\/vi\/ilmJ9XcOPSE\/0.jpg?resize=350%2C200","width":350,"height":200},"classes":[]},{"id":2374,"url":"https:\/\/lenablau.com\/?page_id=2374","url_meta":{"origin":1432,"position":3},"title":"Te encontrar\u00e9 en el silencio","date":"mayo 23, 2023","format":false,"excerpt":"Ya ten\u00e9is disponible mi nueva novela\u00a0en librer\u00edas y en todas las plataformas digitales. \u00a1Espero que os anim\u00e9is a descubrir lo que se esconde entre sus p\u00e1ginas! \u00a0 LAS LECTORAS QUE YA LO HAN LE\u00cdDO HAN DICHO: \u00abNunca el silencio me hab\u00eda atrapado y erizado la piel como con este libro.\u2026","rel":"","context":"Entrada similar","img":{"alt_text":"","src":"https:\/\/i0.wp.com\/lenablau.com\/wp-content\/uploads\/2023\/05\/02.-Te-encontrare-en-el-silencio-sinopsis_Feed-copia-2-1024x1024.jpg?resize=350%2C200","width":350,"height":200},"classes":[]},{"id":1922,"url":"https:\/\/lenablau.com\/?page_id=1922","url_meta":{"origin":1432,"position":4},"title":"I tuit you","date":"junio 3, 2018","format":false,"excerpt":"\u00a0 \u00bfQu\u00e9 pasar\u00eda si ese actor que te derrite se fijara en ti? Olivia es una chica an\u00f3nima, luchadora y realista, que no se deja impresionar f\u00e1cilmente. Sus valores son firmes como una roca y se mantiene siempre fiel a s\u00ed misma. Un d\u00eda el famoso y guap\u00edsimo actor que\u2026","rel":"","context":"Entrada similar","img":{"alt_text":"","src":"https:\/\/i2.wp.com\/lenablau.com\/wp-content\/uploads\/2018\/06\/IMG_7238.jpg?fit=786%2C1200&ssl=1&resize=350%2C200","width":350,"height":200},"classes":[]},{"id":1751,"url":"https:\/\/lenablau.com\/?page_id=1751","url_meta":{"origin":1432,"position":5},"title":"Playlists","date":"mayo 25, 2018","format":false,"excerpt":"La m\u00fasica es, en mayor o menor medida, una parte muy importante de mis novelas, por lo que aqu\u00ed os dejo los links a las Playlists\u00a0que tengo en Spotify\u00a0con la banda sonora de cada uno de mis libros. \u00a1La experiencia de lectura ser\u00e1 mucho m\u00e1s completa si las escuch\u00e1is! La\u2026","rel":"","context":"Entrada similar","img":{"alt_text":"","src":"","width":0,"height":0},"classes":[]}],"_links":{"self":[{"href":"https:\/\/lenablau.com\/index.php?rest_route=\/wp\/v2\/pages\/1432"}],"collection":[{"href":"https:\/\/lenablau.com\/index.php?rest_route=\/wp\/v2\/pages"}],"about":[{"href":"https:\/\/lenablau.com\/index.php?rest_route=\/wp\/v2\/types\/page"}],"author":[{"embeddable":true,"href":"https:\/\/lenablau.com\/index.php?rest_route=\/wp\/v2\/users\/1"}],"replies":[{"embeddable":true,"href":"https:\/\/lenablau.com\/index.php?rest_route=%2Fwp%2Fv2%2Fcomments&post=1432"}],"version-history":[{"count":12,"href":"https:\/\/lenablau.com\/index.php?rest_route=\/wp\/v2\/pages\/1432\/revisions"}],"predecessor-version":[{"id":2421,"href":"https:\/\/lenablau.com\/index.php?rest_route=\/wp\/v2\/pages\/1432\/revisions\/2421"}],"wp:attachment":[{"href":"https:\/\/lenablau.com\/index.php?rest_route=%2Fwp%2Fv2%2Fmedia&parent=1432"}],"curies":[{"name":"wp","href":"https:\/\/api.w.org\/{rel}","templated":true}]}}